e (-3 - -5) + 7 + 22 + -20 - (-74 - -19).
66
Evaluate 15 + 65 + -11 + (-26 - -3).
46
What is the value of 4 + -9 - 8 - (-46 - (9 + -5))?
37
What is 25 + -52 - (-13 - -5)?
-19
1 + (7 - 19) + (14 - (-9 + 13))
-1
Evaluate 3 - -1 - (17 - 5 - 13).
5
Evaluate -23 + (-12 - (-28 + 29)).
-36
What is 8 - ((50 - -30) + -32 - 197)?
157
Calculate 14 + (5 - 22) + 5 + -51.
-49
What is (-95 - 15) + 131 - (60 + 2)?
-41
Evaluate (-80 - (40 - 128)) + -49.
-41
What is -15 + (-28 - (-4 + 13)) - -22?
-30
Calculate 81 - (32 - (8 + (-2 - -12))).
67
What is -43 + (-2 - -3) + (111 - 104) - 0?
-35
(14 - (22 + -21)) + (3 - (2 - -3) - -71)
82
What is -789 - -794 - (51 + -1)?
-45
What is 54 - (-39 + 115 + -22 + -23)?
23
What is the value of 38 + (-23 - (-48 + 39))?
24
Calculate (-10 - (-124 - -88)) + -4 + -1.
21
Evaluate (-5 - 17) + 160 + 4 + -74 + 36.
104
-2305 - -2292 - ((-5 + 3 - -3) + (6 - 5))
-15
What is (15 - (30 + -29)) + (1 - 5)?
10
7 + (15 - 17) + (-15 - 27)
-37
What is the value of -10 + ((-2 - 0) + -19 - (-19 + 11))?
-23
What is the value of (-267 - -228) + (10 - -23)?
-6
What is -8 + (51 - 36) - (-13 + 0 + 2)?
18
(11 + (12 - 29) - (-1 + -6)) + -1
0
What is (1 - -83) + (23 - 25) - (-4 + 4 + -6)?
88
-127 + (-818 - -859 - (44 + 0))
-130
Evaluate 7 + -3 + -9 + ((-32 - -40) + 7 - -35).
45
Evaluate ((-10 - 1) + -5 - -27) + 42.
53
Evaluate 1 - -57 - (159 + -60 + -95).
54
What is 45 + (-8 - 9 - (29 + -27))?
26
Evaluate (-29 - -3 - (4 - (-11 + 17))) + -7.
-31
What is the value of (-57 - (-3 + -3 + 1)) + 192 + -208?
-68
What is the value of -34 + -7 - -32 - 4?
-13
Evaluate 17 + (54 - 11) - (3 - 0).
57
What is -15 + 1 - (69 + (-158 - -121))?
-46
Evaluate 6 + (-14 + 17 - 14) + 116 - (-11 - -8).
114
What is -3 - 0 - (36 + -8 + -24 + -12)?
5
53 + -66 - (-5 + 20 + -2)
-26
Calculate 172 - 138 - (31 + 1).
2
Calculate (-1 - 16) + 83 + (-38 - -2).
30
Calculate -23 - (-4 + 21 - ((-4 - -35) + -9)).
-18
Evaluate 59 + -3 + -43 + 1 + 42.
56
What is the value of 105 + (-115 - (7 - 66))?
49
Evaluate 1 + 11 - (-28 - (-51 - -6)).
-5
What is the value of 8 - (5 + 7) - (-10 + 18 + 18 + -9)?
-21
Calculate (21 + -18 - -49) + (-22 - -6).
36
What is the value of -6 + -27 + 21 + 15 + -28?
-25
Evaluate 91 + -86 + 81 + -8.
78
Calculate 103 + -12 + 1 + (415 - 408).
99
Calculate 105 - (103 + -138 + 32).
108
Evaluate 94 - (68 + -130 - -269).
-113
What is 10 - (-29 - (-66 + 54))?
27
What is the value of -82 + 1 + 1 + (-17 - -94) + -68?
-71
What is -182 + 184 + (-1 + -9 - (-121 + -10))?
123
Evaluate (51 - 62) + (7 - (2 + -50)).
44
Evaluate (-29 - 0) + (126 - (1 + 159)).
-63
What is -78 + (-17 - (5 + 10)) - (0 + 0)?
-110
Evaluate (-34 - -14 - (3 + 1)) + (-701 - -688).
-37
Calculate 2 + (0 - -1) - (-471 + 460).
14
Evaluate -29 - (-150 - (-78 - -10)).
53
Calculate 70 - 7 - (9 + -26 - -18).
62
What is the value of -23 - (40 + -5 + -18)?
-40
What is the value of -58 + 52 + 11 + (3 - (1 - -14))?
-7
What is -22 - 2 - (-18 + (10 - 3))?
-13
What is the value of 81 + -3 + 4 - (-5 - (-15 - (17 - 39)))?
94
What is 52 - (2 - -14 - (72 + -78))?
30
(-20 + -39 + 25 - -57) + -119
-96
Calculate (-1 + -48 - -88 - -32) + 21.
92
11 - (57 - 13 - 2)
-31
10 + -11 - (-13 - 1) - (-14 + (6 - 4))
25
Calculate (-344 - -256) + 136 - (3 + -3 - (-1 - 10)).
37
Calculate -7 + -50 + 34 - (0 - 72).
49
What is -23 + 18 + 7 + -2 + 3 + -10?
-7
Evaluate -17 + 129 + 780 + -787.
105
-9 - (13 + -5 - ((-1 + 2 - 0) + -9))
-25
What is -1 + 0 + 66 + (-26 - -16 - (35 + -47))?
67
Evaluate -5 + 2 + 704 + -787 + 19 + 1.
-66
What is -32 + (-20 - (33 - 75))?
-10
Calculate -15 + 24 + (-72 - 13).
-76
Evaluate -27 + 14 + 30 + -12 + 12 + 0.
17
Calculate -78 - -35 - -81 - 49.
-11
What is 8 + -7 - (41 + (-27 - -37))?
-50
1 - -62 - (3 - (-10 - (-13 + 11 - 13)))
65
What is the value of 1 - ((-6 - 6) + (-62 - -68))?
7
Calculate 2 + (-32 + 6 - (-148 - -105)).
19
Evaluate 99 + -8 + 7 - 131.
-33
What is -7 + 56 + (-134 - -40)?
-45
(-16 - 27) + (542 - 506) - (0 + 1 + -61)
53
1 + 0 + 10 + 0 + (-45 - -277) + -183
60
14 + -11 + (-9 - 16) + -34
-56
What is 2 - 15 - ((38 - 6) + -30 + 25)?
-40
What is the value of -16 - ((0 - -1) + (22 + -12 - 7)) - -9?
-11
What is (-32 - -3 - 15 - -28) + 35 - (2 - 1)?
18
Calculate 2 + (-8 - 4) - (23 - 43 - -23 - 83).
70
Evaluate 57 + -26 + 192 + -194.
29
What is the value of 28 + (24 - (61 + -4)) + 0 + -9?
-14
Calculate 37 + 42 - ((7 - 24) + 8 - -11 - 8).
85
What is 3 + 3 - 2 - ((-16 - 4) + 76)?
-52
What is the value of 12 + -9 - 1 - (-45 - (3 - (-4 + 15)))?
39
Calculate -120 + 205 + -189 - -182.
78
Evaluate (-8 - 21) + 20 + 17.
8
What is -42 - (7 + 4 + (10 - 8) - 10)?
-45
Calculate 2 + 74 - (-19 - (-13 + (14 - -10) - 21)).
85
What is 16 + 1 + (22 - -1) + -27?
13
(-87 - -2) + (16722 - 16623)
14
What is the value of 2 + (10 - (-77 + 79))?
10
Calculate -11 - ((10 - (15 + 1)) + (-3 - -14)).
-16
What is the value of 131 + -189 + (4 - (0 + 18)) + 7?
-65
Evaluate (-8 - (13 - 49)) + 0 + -35.
-7
Calculate 4149 - 4184 - (3 - 0).
-38
What is the value of 19 + 51 + -93 - -1?
-22
What is -24 - ((-1 - -24) + -11 + -58)?
22
(29 - 41 - (-9 - 10)) + 8 + 24
39
What is the value of 13 - (-23 - -20) - 8 - (-31 - 1) - 10?
30
Calculate -7 + 29 - (-12 - -16 - -46).
-28
(-44 - (-2 - -1)) + (14 - 16 - (11 - 8))
-48
Calculate 26 + 14 + (22 + -12 - 1).
49
Calculate 14 + 2 - (-6 - -10 - (-96 - (-6 + 0))).
-78
What is the value of (0 - -1) + -3 - ((-57 - (19 + -28)) + 0)?
46
-11 + 23 + -9 + 11 + 49
63
What is the value of (341 + -245 - 54) + (0 - (14 + 1))?
27
Calculate 284 + -221 + -6 + 34 + -25.
66
What is (3 + -1 - 35) + (4833 - 4792)?
8
Evaluate (-2 - (0 - -11) - 1) + (275 - (-211 + 504)).
-32
What is 3 + -64 + 19 + (29 - (7 - -24))?
-44
What is the value of -2 + (-146 + 154 + (6 - 2) - 0)?
10
Calculate -13 + (-13 - -31) - (1 + 8) - (-2 + -29).
27
Calculate -42 - ((-11 - 15) + -24).
8
Evaluate -13239 + 13299 - (102 - 1).
-41
Evaluate (15 + 97 - 17) + -18 + (-9 - -11).
79
What is 29 + (25 - 34) + (-82 - 8 - 0)?
-70
3 + -5 + -28 + (10 + -19 - -9)
-30
Calculate -84 - (-31 + 10) - -33.
-30
Calculate -5 + -6 + (-7 + 5 + 6 - (29 + -31)).
-5
Evaluate (-12 + (26 - 22) - -30) + -66.
-44
What is the value of (-6 - (-47 + -14 + 4)) + (2 - 5)?
48
-7 + 30 - 5 - (101 + (11 - -2))
-96
-62 - -132 - 36 - -9
43
What is the value of -63 + -2 - (16 - (34 + -25)) - (-1 + -4)?
-67
What is (62 - 51) + 21 - -2?
34
Evaluate 82 + -15 + -43 - (-4 - -11).
17
Evaluate 13 - ((24 - -199) + -118).
-92
What is the value of -4845 + 4885 - (0 - 1 - -10)?
31
What is -49 - (-31 + -10 - -33)?
-41
Evaluate -87 + -15 + (11 - -18 - 9 - 7 - -2).
-87
(-19 - (-9 + (15 - 10))) + -20
-35
What is the value of -204 - -174 - (-3 + 1 + 13)?
-41
Evaluate -14 - 32 - (3 - -1).
-50
What is 31 + -5 + (108 - 91) + (6 - 10 - 15)?
24
Calculate (-2 + 4 - -14) + 17779 + -17731.
64
What is 77 - 74 - (44 + -2 + 2) - (114 + -122)?
-33
Evaluate 1 - (12 - (-4 - -8)) - (-326 - -309).
10
-33 + (-33 - 4 - 9)
-79
What is the value of 4 + (33 - 8) + (-38 - -39)?
30
Evaluate 96 - 170 - (22 + -4 + (1 - -3)).
-96
Evaluate -9 + 2 - (44 + (-1 - (-27 - -8 - -10))).
-59
Evaluate 33 + -46 + -64 + 71.
-6
(2 - 39) + -1 - (30333 + -30319)
-52
Evaluate -1360 + 1221 - (-245 + -6).
112
(4 - (195 - 188)) + (-1 - (-1 - -19))
-22
-57 + (10 - (5 + -10))
-42
What is -79 + (144 - 21) + -8 + 1?
37
Calculate 1 + -6 + -2 + 9 + -1 - (564 + -639).
76
36 + (85 - 44) + -47
30
Calculate 48 + ((21 - 3) + -27 - -1).
40
Evaluate (1 - 38) + 88 + -182 + 80.
-51
What is 18 + -104 + 79 + -35 + -3?
-45
((-20 - -9) + 12 - 90 - 13) + 7
-95
What is 114 - ((0 - -14) + -860 + 878)?
82
What is 22 + (-19 - (124 + (-8 - -15) + 25))?
-153
Evaluate (1 + -7 + -5 - 3) + 7.
-7
115 + (-20 + 0 - (-887 + 861 + (16 - 0)))
105
Calculate -513 + 514 - (-9 + 44).
-34
What is the value of -68 - ((6 - -1 - -4) + 0 - (7 - 8))?
-80
Calculate -90 - ((38 - -101) + -120).
-109
Evaluate (11 - 29 - -14) + 98 - (6 + (-7 - -8)).
87
Evaluate -1 + -2 + 3 + -5 + 0 + 8 - -17.
20
Evaluate -20 + (-13 - (-41 + 16)) - (45 - -1).
-54
What is the value of -74 - ((-8 - (-1 - 8 - -21 - 13)) + -4)?
-63
What is (-198 + 141 - -27) + (-26 - 2)?
-58
What is -897 + 925 + (1 - 1) + -9 + -3?
16
What is 0 - -34 - (55 + -41 + 1 - 6)?
25
What is 14 + -35 + (-7 - (-12 - -11)) + 10?
-17
What is the value of 2760 + -2